 4. What are the prime factors of (416/(-24))/(s/6)?
2, 13
Let w = -31 - -34. Suppose 4*k - w*k - 2 = 0. What are the prime factors of k?
2
Let y(c) = 2*c**2 + 3*c - 2. Let u be y(-3). Let r = u - 1. Suppose r*s = 4*s + 8. List the prime factors of s.
2
Let p be -2 + -22 + 5 + -3. Let f = 0 - -1. Let t = f - p. List the prime factors of t.
23
List the prime factors of 4/22 - 400231/(-143).
3, 311
What are the prime factors of (-2)/(-25) - 744018/(-1650)?
11, 41
Let g = -215 - -243. Let n(x) = 16*x + 3. Let i be n(3). Let w = i - g. What are the prime factors of w?
23
Let n = 3638 + -2175. What are the prime factors of n?
7, 11, 19
Let p(f) = 7*f**3 + 21*f**2 + 37*f - 7. Let z(d) = -10*d**3 - 32*d**2 - 56*d + 11. Let t(o) = -7*p(o) - 5*z(o). What are the prime factors of t(-9)?
3, 43
Let h(y) = 12 - 28 + 10 + 12 + y**2. Suppose 4*n + 15 = -3*x + 3*n, -4*n = 3*x + 15. List the prime factors of h(x).
31
Suppose -16*k - 4 = -12*k. Let c be (-8)/8 - (k - 6). Suppose c*m = 2*m + 108. List the prime factors of m.
3
Let c = 4197 - 2553. What are the prime factors of c?
2, 3, 137
Suppose -3*n = 3*o - 6*o + 2055, 1377 = 2*o + 5*n. What are the prime factors of o?
2, 7
Suppose 2*o + 6897 = 13*o. List the prime factors of o.
3, 11, 19
Let c be 120/3 + (1 - 4 - 0). Suppose -v - c + 98 = 0. What are the prime factors of v?
61
Let y(v) = -v**3 - 5*v**2 - 7*v - 8. Let d be y(-4). Suppose d*c - 366 = 2*m, -4*m + 133 = 5*c - 357. List the prime factors of c.
2, 47
Let c(r) = -5*r - 2. Let p = -21 - -23. Let w be c(p). List the prime factors of 23 - 3*w/(-9).
19
Suppose 0 = 26*y + 13656 - 66332. What are the prime factors of y?
2, 1013
Let t = -654 + 1194. Suppose 6*w = -0*w + t. List the prime factors of w.
2, 3, 5
Suppose -1502 = -3*l - 5*q, 0*l - 5*q = 4*l - 2001. List the prime factors of l.
499
Suppose 370*o + 952 = 372*o. What are the prime factors of o?
2, 7, 17
Suppose -4*p = 2*u - 5542, -5574 = -4*u - 5*p + 5525. What are the prime factors of u?
3, 103
Let x(o) = 2*o**2 - 5*o - 20. List the prime factors of x(13).
11, 23
Let i = -187 - -186. Suppose j = -4*j + 285. Let h = j + i. What are the prime factors of h?
2, 7
Let t = 25 + -27. Let i be 11/t*126/(-7). What are the prime factors of 11/(-33)*(0 - i)?
3, 11
Let g = 134 + -78. Let a = g - 14. Let w = a + -30. What are the prime factors of w?
2, 3
Let d(y) = 14*y**2 + 76*y - 36. What are the prime factors of d(-15)?
2, 3, 7, 47
Suppose 4*j - 1 + 34 = -3*o, -o - 17 = 2*j. Let n = j + 15. Suppose n*b = 9*b - 186. List the prime factors of b.
2, 31
Suppose 11 - 1 = 5*r. Suppose 3*k + k + 4 = -u, 2*k = 4*u - 56. Suppose u = a + r. What are the prime factors of a?
2, 5
Let o(h) = -8*h**3 + 18*h**2 + 4*h + 11. List the prime factors of o(-8).
5227
Let u = -2495 + 4075. List the prime factors of u.
2, 5, 79
Suppose -3*b = -3, 2*q + b - 10 = 5*b. Let w(z) = z**3 - 6*z**2 - 6*z + 2. List the prime factors of w(q).
3
Let i(p) = -p**2 - 3*p + 2. Let a be i(-3). Suppose 2*z - 2 - a = 0. Suppose 0*w - 25 = -w - z*u, -w - u + 20 = 0. What are the prime factors of w?
3, 5
Let b = 179 - -125. What are the prime factors of b?
2, 19
Let w = 222 - 611. List the prime factors of w/(-2) + -1 + (-11)/(-22).
2, 97
Let g(k) = k**3 + 6*k + 4. Let q(i) = -i**3 - i**2 - 6*i - 4. Let y(a) = 3*g(a) + 4*q(a). List the prime factors of y(-5).
3, 17
Suppose -11 - 23 = -w. Suppose 70 = 2*g - w. List the prime factors of g.
2, 13
Suppose v = -4*h + 12, -5*v - 16 + 76 = 5*h. Suppose -7*o + v*o = 835. What are the prime factors of o?
167
Let t = 1493 + -579. What are the prime factors of t?
2, 457
Let r = -147 - -51. Let d = 247 + r. List the prime factors of d.
151
Let l(u) = 15 + 3 - 3*u + 5 + 2. List the prime factors of l(-6).
43
Let p = 351 + 150. What are the prime factors of p?
3, 167
Suppose 17 = -5*j + 77. Suppose u = 2*y - 37 - 15, 3*u + j = 0. List the prime factors of y.
2, 3
Suppose -k + 681 = -5*n, -4*k + 0*k = 4*n - 2604. List the prime factors of k.
2, 41
Let o = -61 - -65. What are the prime factors of (o + (107 - 4))*1?
107
Suppose 0 = -2*n + 2*t + 18, 3*n = 5*t - 6 + 37. Let f(j) be the third derivative of 5*j**4/24 - 5*j**3/3 - 17*j**2. List the prime factors of f(n).
5
Let t = 46 + -44. Suppose -t*i + 7 = -1, 0 = 3*v - 2*i - 355. What are the prime factors of v?
11
Suppose 4*g + r = 1248, -2*g - 44*r + 642 = -39*r. List the prime factors of g.
311
Let n(x) = 7*x + 17. Let o(a) = -3*a - 9. Let i(w) = 6*n(w) + 11*o(w). List the prime factors of i(8).
3, 5
Let c be (0 + -99)/(0 + -1). Suppose 0 = 5*p - 5, 4*j - 17 = 4*p + c. List the prime factors of j.
2, 3, 5
Let r = 4 + -4. Suppose -4*h = 8, -2*u - 2*h + r - 4 = 0. Suppose u = -5*g - f + 26 + 6, 34 = 4*g - 2*f. What are the prime factors of g?
7
Let m(s) = -6*s - 1. Let i be m(-1). Let g = 0 + i. Suppose -7 = -g*b - 4*d - 0, 3*b - 3*d - 15 = 0. What are the prime factors of b?
3
Let g = 2 - 10. Let q be 5*(-7 + g/(-2)). What are the prime factors of (-310)/(-6) - (-10)/q?
3, 17
Let t be (-94)/7 - (-12)/28. Let s = t + 73. List the prime factors of s.
2, 3, 5
Let m be 0 - 3 - (-135)/9. What are the prime factors of 81/(-2)*(-32)/m?
2, 3
List the prime factors of -2*(-42)/(-12) - -127.
2, 3, 5
Let s(p) = -2*p**3 + 2246. List the prime factors of s(0).
2, 1123
Let o(j) = 2*j**2 - 3*j. Let z be o(2). Suppose z*x - 18 = x. Suppose 42 = 4*g - x. List the prime factors of g.
3, 5
Suppose 0 = 8*v - 880 - 320. List the prime factors of v.
2, 3, 5
Suppose -3*t + 14*t - 11 = 0. List the prime factors of (2 + 16/1)*t.
2, 3
Suppose 4*z - 20597 = 3*x, -4*z - 5*x - 10448 = -31053. What are the prime factors of z?
2, 5, 103
Suppose 2*r + 1751 = -5*m + 8*m, 4*m = -3*r + 2346. List the prime factors of m.
3, 5, 13
Suppose -5*a - 20 = i, -i - 4*a = -7*a - 12. Let h be 2/(i + (-4 - -2)). List the prime factors of ((-108)/(-21))/(h/(-7)).
2, 3
Suppose 0 = -5*w + 4*k - 2, 0 = k + 4*k - 15. Suppose -j - 17 = -u, 3*j + 2*j = w*u - 82. What are the prime factors of 77/4 + 4/j?
19
Suppose o + 0*o + 5*f - 1200 = 0, 6046 = 5*o + 2*f. What are the prime factors of o?
2, 5, 11
Let l(x) = -82*x - 9. Let q = 112 + -114. List the prime factors of l(q).
5, 31
Let c be -478 + 5 + -2 - -2. Let l be 0 + 0 - (c - -7). List the prime factors of 14/(-49) - l/(-14).
3, 11
Suppose h + 3*j - 962 = 0, -18*h = -19*h - j + 962. What are the prime factors of h?
2, 13, 37
Suppose -3*n - 4*i = -3, -n - 5 = -5*i + 13. Let o be 173 - (4 + (-4 - n)). Suppose 5*u + a - o = -4*a, 4*u - 5*a - 145 = 0. List the prime factors of u.
5, 7
Suppose -j - 2*x + 10 = -x, -4*x = 3*j - 35. Suppose -w + j*w - 224 = 0. What are the prime factors of w?
2, 7
Suppose 3*y = -4*r - 44, 2*r + 9 = -5*y - 41. Let q = y + 4. Let z = q + 13. List the prime factors of z.
3
Let k(a) = -7*a - 11. Let h be k(-2). Suppose -n + h = 2*r, -3*n + 3*r + 38 = -16. List the prime factors of n.
13
Let r = 35 - 30. Suppose 10*b - 90 = r*b. What are the prime factors of b?
2, 3
Suppose 5*g - 3*o - 13 = 0, 3*g + 0*g + 3*o = 27. Suppose -42 = 4*y + 5*w - 5, -g*y - 37 = -3*w. List the prime factors of y/(-4) + 1*5.
7
Let x be 2 + (132/(-3))/(-2). Suppose -x = -2*m - 5*j, 5*j - 12 = 2*m + 4. Suppose 17 + 15 = 3*c - z, 2*c = m*z + 28. What are the prime factors of c?
3
Let g = -53 + 62. Let y = 52 - 74. Let m = g - y. What are the prime factors of m?
31
Let m(n) = 3*n - 7. Let s be m(4). Suppose -5*g + s*a = -310, 3*a = -4*g - 0*a + 276. List the prime factors of g.
2, 3, 11
Suppose -7*s = 123 - 25. Let f = -9 - s. Suppose f*r - 118 = -38. What are the prime factors of r?
2
Suppose -5*w + 3975 = -5*r, 0 = -10*w + 12*w - 4*r - 1580. What are the prime factors of w?
2, 5
Let q be (-5956)/(-14) - (-2 - (-51)/21). Let l = q + -213. What are the prime factors of l?
2, 53
Let y(z) = -37*z. Let g be y(-1). Let t be 4 + 1 + g - -2. List the prime factors of (1 - t)*(2 - 3).
43
Let k(f) = 23*f - 24. List the prime factors of k(8).
2, 5
Let i(w) = -w**3 - w**2 + 5*w - 2. Let x be i(2). What are the prime factors of (120/18)/(x/(-6))?
2, 5
Let m(i) = i - 3. Let b be m(3). Suppose b = 4*s + 16 - 0. What are the prime factors of (3 + (-8)/s)*1?
5
Suppose -4*n + 2314 = -3*a - 2094, 3*n = -a + 3293. What are the prime factors of n?
7, 157
Let a(x) = x**2 + 5*x - 6. Suppos